{"id":1114,"date":"2019-10-16T12:41:21","date_gmt":"2019-10-16T10:41:21","guid":{"rendered":"https:\/\/www.enseignementdemichael.fr\/?page_id=1114"},"modified":"2024-04-15T08:35:21","modified_gmt":"2024-04-15T06:35:21","slug":"seance-coaching","status":"publish","type":"page","link":"https:\/\/crea.enseignementdemichael.fr\/index.php\/seance-coaching\/","title":{"rendered":"S\u00e9ance coaching"},"content":{"rendered":"\r\n<p>&nbsp;<\/p>\r\n\r\n\r\n\r\n<figure class=\"wp-block-gallery-1 is-layout-flex\"><img decoding=\"async\" loading=\"lazy\" class=\"wp-image-17444 size-full aligncenter\" src=\"https:\/\/enseignementdemichael.fr\/wp-content\/uploads\/2019\/11\/COACHING-300x179ok.png\" alt=\"\" width=\"300\" height=\"179\" \/><\/figure>\r\n\r\n\r\n\r\n<div class=\"wp-block-spacer\" style=\"height: 21px;\" aria-hidden=\"true\">\u00a0<\/div>\r\n\r\n\r\n\r\n<p style=\"text-align: center;\">S\u00e9ance coaching personnalis\u00e9e :<\/p>\r\n\r\n\r\n\r\n<p style=\"text-align: center;\">390 Euros<\/p>\r\n<p style=\"text-align: center;\"><a href=\"https:\/\/www.enseignementdemichael.fr\/index.php\/produit\/seance-coaching-personnalisee\/\">Paiement par carte (uniquement)<\/a><\/p>\r\n<p>&nbsp;<\/p>\r\n<p style=\"text-align: center;\">Lundi-Mardi-Jeudi-Vendredi<\/p>\r\n<p style=\"text-align: center;\">De 9h00 \u00e0 16h00<\/p>\r\n<p>&nbsp;<\/p>\r\n","protected":false},"excerpt":{"rendered":"<p>&nbsp; S\u00e9ance coaching personnalis\u00e9e : 390 Euros Paiement par carte (uniquement) &nbsp; Lundi-Mardi-Jeudi-Vendredi De 9h00 \u00e0 16h00 &nbsp;<\/p>\n","protected":false},"author":1239,"featured_media":0,"parent":0,"menu_order":0,"comment_status":"closed","ping_status":"closed","template":"","meta":[],"_links":{"self":[{"href":"https:\/\/crea.enseignementdemichael.fr\/index.php\/wp-json\/wp\/v2\/pages\/1114"}],"collection":[{"href":"https:\/\/crea.enseignementdemichael.fr\/index.php\/wp-json\/wp\/v2\/pages"}],"about":[{"href":"https:\/\/crea.enseignementdemichael.fr\/index.php\/wp-json\/wp\/v2\/types\/page"}],"author":[{"embeddable":true,"href":"https:\/\/crea.enseignementdemichael.fr\/index.php\/wp-json\/wp\/v2\/users\/1239"}],"replies":[{"embeddable":true,"href":"https:\/\/crea.enseignementdemichael.fr\/index.php\/wp-json\/wp\/v2\/comments?post=1114"}],"version-history":[{"count":13,"href":"https:\/\/crea.enseignementdemichael.fr\/index.php\/wp-json\/wp\/v2\/pages\/1114\/revisions"}],"predecessor-version":[{"id":20020,"href":"https:\/\/crea.enseignementdemichael.fr\/index.php\/wp-json\/wp\/v2\/pages\/1114\/revisions\/20020"}],"wp:attachment":[{"href":"https:\/\/crea.enseignementdemichael.fr\/index.php\/wp-json\/wp\/v2\/media?parent=1114"}],"curies":[{"name":"wp","href":"https:\/\/api.w.org\/{rel}","templated":true}]}}