{"id":12552,"date":"2022-10-04T11:52:44","date_gmt":"2022-10-04T09:52:44","guid":{"rendered":"https:\/\/www.enseignementdemichael.fr\/?page_id=12552"},"modified":"2022-10-04T11:52:44","modified_gmt":"2022-10-04T09:52:44","slug":"balade-gourmande-en-2cv-a-marseillan","status":"publish","type":"page","link":"https:\/\/crea.enseignementdemichael.fr\/index.php\/balade-gourmande-en-2cv-a-marseillan\/","title":{"rendered":"Balade gourmande en 2cv \u00e0 Marseillan"},"content":{"rendered":"<p><img decoding=\"async\" loading=\"lazy\" class=\"size-full wp-image-12554 aligncenter\" src=\"https:\/\/enseignementdemichael.fr\/wp-content\/uploads\/2022\/10\/logo2cv.png\" alt=\"\" width=\"246\" height=\"237\" \/><\/p>\n<p>&nbsp;<\/p>\n<p>D\u00e9couvrez une mani\u00e8re in\u00e9dite de visiter Marseillan, Agde et son agglom\u00e9ration et de profiter d\u2019un moment d\u2019\u00e9vasion ! Gr\u00e2ce \u00e0 Deuche Family, vous allez profiter d\u2019une agr\u00e9able balade qui vous changera les id\u00e9es, \u00e0 bord d\u2019une authentique et adorable Citro\u00ebn 2cv.<\/p>\n<p>Sillonnez l\u2019arri\u00e8re pays du Languedoc ou encore le bord de mer en 2cv.<\/p>\n<p>Une belle aventure s\u2019offre \u00e0 vous !<\/p>\n<p>Deuche Family vous offre la possibilit\u00e9 de partager un moment convivial et familial, bas\u00e9 sur le plaisir de la route, sur une exp\u00e9rience in\u00e9dite et inoubliable\u2026<\/p>\n<p>Commencez sans attendre ce beau voyage, et r\u00e9servez votre date !<\/p>\n<p><a href=\"https:\/\/www.deuchefamily.fr\/\">www.deuchefamily.fr<\/a><\/p>\n","protected":false},"excerpt":{"rendered":"<p>&nbsp; D\u00e9couvrez une mani\u00e8re in\u00e9dite de visiter Marseillan, Agde et son agglom\u00e9ration et de profiter d\u2019un moment d\u2019\u00e9vasion ! Gr\u00e2ce \u00e0 Deuche Family, vous allez profiter d\u2019une agr\u00e9able balade qui vous changera les id\u00e9es, \u00e0 bord d\u2019une authentique et adorable Citro\u00ebn 2cv. Sillonnez l\u2019arri\u00e8re pays du Languedoc ou encore le bord de mer en 2cv. [&hellip;]<\/p>\n","protected":false},"author":1,"featured_media":0,"parent":0,"menu_order":0,"comment_status":"closed","ping_status":"closed","template":"","meta":[],"_links":{"self":[{"href":"https:\/\/crea.enseignementdemichael.fr\/index.php\/wp-json\/wp\/v2\/pages\/12552"}],"collection":[{"href":"https:\/\/crea.enseignementdemichael.fr\/index.php\/wp-json\/wp\/v2\/pages"}],"about":[{"href":"https:\/\/crea.enseignementdemichael.fr\/index.php\/wp-json\/wp\/v2\/types\/page"}],"author":[{"embeddable":true,"href":"https:\/\/crea.enseignementdemichael.fr\/index.php\/wp-json\/wp\/v2\/users\/1"}],"replies":[{"embeddable":true,"href":"https:\/\/crea.enseignementdemichael.fr\/index.php\/wp-json\/wp\/v2\/comments?post=12552"}],"version-history":[{"count":1,"href":"https:\/\/crea.enseignementdemichael.fr\/index.php\/wp-json\/wp\/v2\/pages\/12552\/revisions"}],"predecessor-version":[{"id":12555,"href":"https:\/\/crea.enseignementdemichael.fr\/index.php\/wp-json\/wp\/v2\/pages\/12552\/revisions\/12555"}],"wp:attachment":[{"href":"https:\/\/crea.enseignementdemichael.fr\/index.php\/wp-json\/wp\/v2\/media?parent=12552"}],"curies":[{"name":"wp","href":"https:\/\/api.w.org\/{rel}","templated":true}]}}