{"id":14165,"date":"2023-01-05T15:26:51","date_gmt":"2023-01-05T14:26:51","guid":{"rendered":"https:\/\/www.enseignementdemichael.fr\/?page_id=14165"},"modified":"2023-01-05T15:27:48","modified_gmt":"2023-01-05T14:27:48","slug":"puissante-priere-de-protection-divine","status":"publish","type":"page","link":"https:\/\/crea.enseignementdemichael.fr\/index.php\/puissante-priere-de-protection-divine\/","title":{"rendered":"Puissante pri\u00e8re de protection divine"},"content":{"rendered":"<p><img decoding=\"async\" loading=\"lazy\" class=\"wp-image-14164 aligncenter\" src=\"https:\/\/enseignementdemichael.fr\/wp-content\/uploads\/2023\/01\/miniature-puissante-priere-protection-divine.jpg\" alt=\"\" width=\"527\" height=\"350\" srcset=\"https:\/\/crea.enseignementdemichael.fr\/wp-content\/uploads\/2023\/01\/miniature-puissante-priere-protection-divine.jpg 978w, https:\/\/crea.enseignementdemichael.fr\/wp-content\/uploads\/2023\/01\/miniature-puissante-priere-protection-divine-300x199.jpg 300w, https:\/\/crea.enseignementdemichael.fr\/wp-content\/uploads\/2023\/01\/miniature-puissante-priere-protection-divine-768x510.jpg 768w, https:\/\/crea.enseignementdemichael.fr\/wp-content\/uploads\/2023\/01\/miniature-puissante-priere-protection-divine-600x398.jpg 600w\" sizes=\"(max-width: 527px) 100vw, 527px\" \/><\/p>\n<p>&nbsp;<\/p>\n<div>D\u00e9j\u00e0 plus de 15 millions d&#8217;utilisateurs pour cette redoutable pri\u00e8re!<\/div>\n<div><\/div>\n<div>Cr\u00e9ons ensemble un \u00e9gr\u00e9gore transformationnel de pure lumi\u00e8re, soutenons la Divine matrice, afin de manifester rapidement les splendeurs de la cinqui\u00e8me dimension.<\/div>\n<div><\/div>\n<div>T\u00e9l\u00e9chargez le Pdf\u00a0 en cliquant ci-dessous:<\/div>\n<div><\/div>\n<div>\n<p class=\"x_gmail-x_MsoNormal\" style=\"text-align: center;\"><strong>Tarif<\/strong>\u00a0<span style=\"color: #000000;\"><b>gratuit!<\/b><\/span><\/p>\n<p style=\"text-align: center;\"><a href=\"https:\/\/sg-autorepondeur.com\/public\/form.php?data=eyJmb3JtIjo2Nzg4MiwidXNlciI6IjEyODk3In0-\">Oui je le veux !<\/a><\/p>\n<\/div>\n","protected":false},"excerpt":{"rendered":"<p>&nbsp; D\u00e9j\u00e0 plus de 15 millions d&#8217;utilisateurs pour cette redoutable pri\u00e8re! Cr\u00e9ons ensemble un \u00e9gr\u00e9gore transformationnel de pure lumi\u00e8re, soutenons la Divine matrice, afin de manifester rapidement les splendeurs de la cinqui\u00e8me dimension. T\u00e9l\u00e9chargez le Pdf\u00a0 en cliquant ci-dessous: Tarif\u00a0gratuit! Oui je le veux !<\/p>\n","protected":false},"author":1,"featured_media":14164,"parent":0,"menu_order":0,"comment_status":"closed","ping_status":"closed","template":"","meta":[],"_links":{"self":[{"href":"https:\/\/crea.enseignementdemichael.fr\/index.php\/wp-json\/wp\/v2\/pages\/14165"}],"collection":[{"href":"https:\/\/crea.enseignementdemichael.fr\/index.php\/wp-json\/wp\/v2\/pages"}],"about":[{"href":"https:\/\/crea.enseignementdemichael.fr\/index.php\/wp-json\/wp\/v2\/types\/page"}],"author":[{"embeddable":true,"href":"https:\/\/crea.enseignementdemichael.fr\/index.php\/wp-json\/wp\/v2\/users\/1"}],"replies":[{"embeddable":true,"href":"https:\/\/crea.enseignementdemichael.fr\/index.php\/wp-json\/wp\/v2\/comments?post=14165"}],"version-history":[{"count":1,"href":"https:\/\/crea.enseignementdemichael.fr\/index.php\/wp-json\/wp\/v2\/pages\/14165\/revisions"}],"predecessor-version":[{"id":14166,"href":"https:\/\/crea.enseignementdemichael.fr\/index.php\/wp-json\/wp\/v2\/pages\/14165\/revisions\/14166"}],"wp:featuredmedia":[{"embeddable":true,"href":"https:\/\/crea.enseignementdemichael.fr\/index.php\/wp-json\/wp\/v2\/media\/14164"}],"wp:attachment":[{"href":"https:\/\/crea.enseignementdemichael.fr\/index.php\/wp-json\/wp\/v2\/media?parent=14165"}],"curies":[{"name":"wp","href":"https:\/\/api.w.org\/{rel}","templated":true}]}}