{"id":173,"date":"2019-03-12T13:12:06","date_gmt":"2019-03-12T12:12:06","guid":{"rendered":"http:\/\/enseignementdemichael.fr\/?page_id=173"},"modified":"2021-02-23T23:19:35","modified_gmt":"2021-02-23T22:19:35","slug":"mentions-legales-2","status":"publish","type":"page","link":"https:\/\/crea.enseignementdemichael.fr\/index.php\/mentions-legales-2\/","title":{"rendered":"Mentions L\u00e9gales"},"content":{"rendered":"\t\t<div data-elementor-type=\"wp-post\" data-elementor-id=\"173\" class=\"elementor elementor-173 elementor-bc-flex-widget\" data-elementor-settings=\"[]\">\n\t\t\t<div class=\"elementor-inner\">\n\t\t\t\t<div class=\"elementor-section-wrap\">\n\t\t\t\t\t\t\t<section class=\"elementor-element elementor-element-4e04ede5 elementor-section-boxed elementor-section-height-default elementor-section-height-default elementor-section elementor-top-section\" data-id=\"4e04ede5\" data-element_type=\"section\">\n\t\t\t\t\t\t<div class=\"elementor-container elementor-column-gap-default\">\n\t\t\t\t<div class=\"elementor-row\">\n\t\t\t\t<div class=\"elementor-element elementor-element-48a2c21b elementor-column elementor-col-100 elementor-top-column\" data-id=\"48a2c21b\" data-element_type=\"column\">\n\t\t\t<div class=\"elementor-column-wrap  elementor-element-populated\">\n\t\t\t\t\t<div class=\"elementor-widget-wrap\">\n\t\t\t\t<div class=\"elementor-element elementor-element-7fd79d52 elementor-widget elementor-widget-text-editor\" data-id=\"7fd79d52\" data-element_type=\"widget\" data-widget_type=\"text-editor.default\">\n\t\t\t\t<div class=\"elementor-widget-container\">\n\t\t\t\t\t<div class=\"elementor-text-editor elementor-clearfix\"><p><!-- wp:list --><\/p>\n<div>\u00a0<\/div>\n<p><!-- \/wp:list --><\/p>\n<p><!-- wp:paragraph --><\/p>\n<p><strong>Mentions L\u00e9gales<\/strong><\/p>\n<p><!-- \/wp:paragraph --><\/p>\n<p><!-- wp:paragraph --><\/p>\n<p><strong>Identification de l\u2019\u00e9diteur<\/strong><br \/>Le site\u00a0<a href=\"https:\/\/www.eddiehuyghe.com\/\" target=\"_blank\" rel=\"noreferrer noopener\">www.enseignementdemichael.fr<\/a>\u00a0est \u00e9dit\u00e9 par la soci\u00e9t\u00e9 Webservices34.<br \/>\u00a0<\/p>\n<p><!-- \/wp:paragraph --><\/p>\n<p><!-- wp:paragraph --><\/p>\n<p><strong>Identification de l\u2019h\u00e9bergeur<\/strong><br \/>L\u2019h\u00e9bergeur du site est OVH.<\/p>\n<p><!-- \/wp:paragraph --><\/p>\n<p><!-- wp:paragraph --><\/p>\n<p><strong>Charte de protections des donn\u00e9es personnelles<\/strong><\/p>\n<p><!-- \/wp:paragraph --><\/p>\n<p><!-- wp:paragraph --><\/p>\n<p>R\u00e9pondre est facultatif, sauf concernant les informations n\u00e9cessaires \u00e0 la prise en compte de votre r\u00e9servation qui sont signal\u00e9es obligatoires.<\/p>\n<p><!-- \/wp:paragraph --><\/p>\n<p><!-- wp:paragraph --><\/p>\n<p>Les informations renseign\u00e9es sur nos formulaires et questionnaires sont \u00e0 destination de Fabienne Mazet aux fins de gestion de votre r\u00e9servation et de prospection.<\/p>\n<p><!-- \/wp:paragraph --><\/p>\n<p><!-- wp:paragraph --><\/p>\n<p>\u00a0<\/p>\n<p><!-- \/wp:paragraph --><\/p>\n<p><!-- wp:paragraph --><\/p>\n<p>Conform\u00e9ment \u00e0 ce qu\u2019exige le droit applicable, vous disposez du droit d\u2019acc\u00e8s, de rectification, de mise \u00e0 jour, de verrouillage et de suppression de vos donn\u00e9es aupr\u00e8s de\u00a0Fabienne Mazet.<br \/>Fabienne Mazet se r\u00e9serve le droit de vous adresser sa Newsletter ou tout autre offre similaire vous proposant des services de mise en relation analogues \u00e0 ceux dont vous avez b\u00e9n\u00e9fici\u00e9 pour votre r\u00e9servation, et ce par voie \u00e9lectronique, postale ou par t\u00e9l\u00e9phone.<\/p>\n<p><!-- \/wp:paragraph --><\/p>\n<p><!-- wp:paragraph --><\/p>\n<p>\u00a0<\/p>\n<p><!-- \/wp:paragraph --><\/p>\n<p><!-- wp:paragraph --><\/p>\n<p>Conform\u00e9ment au droit applicable, vous disposez d\u2019un droit d\u2019opposition qui peut s\u2019exercer :<\/p>\n<p><!-- \/wp:paragraph --><\/p>\n<p><!-- wp:list --><\/p>\n<ul>\n<li>en adressant un courrier \u00e9lectronique gr\u00e2ce au formulaire de contact du site enseignementdemichael.fr<\/li>\n<\/ul>\n<p><!-- \/wp:list --><\/p>\n<p><!-- wp:paragraph --><\/p>\n<p><strong>Information sur les cookies<\/strong><br \/>Vous \u00eates inform\u00e9 que lors de vos visites sur le Site, un cookie peut s\u2019installer automatiquement sur votre logiciel de navigation. Le cookie est un bloc de donn\u00e9es qui ne permet pas de vous identifier en tant qu\u2019utilisateur, mais qui permet d\u2019enregistrer des informations relatives \u00e0 votre navigation sur le Site. Conform\u00e9ment aux recommandations de la CNIL, nous vous indiquons que le param\u00e9trage du logiciel de navigation vous permet d\u2019\u00eatre inform\u00e9 de la pr\u00e9sence d\u2019un cookie et notamment de refuser un cookie.<\/p>\n<p><!-- \/wp:paragraph --><\/p>\n<p><!-- wp:paragraph --><\/p>\n<p>Vous trouverez sur le site de la CNIL, toutes indications pour proc\u00e9der \u00e0 l\u2019activation ou la d\u00e9sactivation des cookies, suivant votre syst\u00e8me de navigation, \u00e0 l\u2019adresse\u00a0<a href=\"http:\/\/www.cnil.fr\/\" target=\"_blank\" rel=\"noreferrer noopener\">www.cnil.fr<\/a>.<\/p>\n<p><!-- \/wp:paragraph --><\/p>\n<p><!-- wp:paragraph --><\/p>\n<p>La d\u00e9sactivation des cookies peut entra\u00eener une impossibilit\u00e9 d\u2019utiliser certains services du Site. Vous disposez d\u2019un droit d\u2019acc\u00e8s, d\u2019opposition, de rectification, de mise \u00e0 jour, de verrouillage et de suppression dans les conditions ci-dessus.<\/p>\n<p><!-- \/wp:paragraph --><\/p>\n<p><!-- wp:paragraph --><\/p>\n<p>\u00a0<\/p>\n<p><!-- \/wp:paragraph --><\/p>\n<p><!-- wp:paragraph --><\/p>\n<p><strong>Conservation des donn\u00e9es<\/strong><br \/>Les donn\u00e9es que vous nous confiez et dont nous sommes responsables du traitement sont conserv\u00e9es par nous pendant une dur\u00e9e maximum de dix (10) ans, sauf d\u00e9sinscription ou exercice par vos soins de votre droit de rectification, mise \u00e0 jour ou suppression dans les conditions pr\u00e9cit\u00e9es.<\/p>\n<p><!-- \/wp:paragraph --><\/p>\n<p><!-- wp:paragraph --><\/p>\n<p>Les visiteurs doivent consulter les politiques de protection des donn\u00e9es personnelles des sites de tiers vers lesquels le Site peut renvoyer ou pouvant renvoyer sur ce Site.<\/p>\n<p><!-- \/wp:paragraph --><\/p>\n<p><!-- wp:paragraph --><\/p>\n<p>Sous r\u00e9serve de ce qui est express\u00e9ment pr\u00e9vu dans la pr\u00e9sente charte, Fabienne Mazet n\u2019est pas responsable des informations fournies \u00e0 ces tiers ou recueillies par eux et ne les contr\u00f4le pas.<\/p>\n<p><!-- \/wp:paragraph --><\/p><\/div>\n\t\t\t\t<\/div>\n\t\t\t\t<\/div>\n\t\t\t\t\t\t<\/div>\n\t\t\t<\/div>\n\t\t<\/div>\n\t\t\t\t\t\t<\/div>\n\t\t\t<\/div>\n\t\t<\/section>\n\t\t\t\t\t\t<\/div>\n\t\t\t<\/div>\n\t\t<\/div>\n\t\t","protected":false},"excerpt":{"rendered":"<p>\u00a0 Mentions L\u00e9gales Identification de l\u2019\u00e9diteurLe site\u00a0www.enseignementdemichael.fr\u00a0est \u00e9dit\u00e9 par la soci\u00e9t\u00e9 Webservices34.\u00a0 Identification de l\u2019h\u00e9bergeurL\u2019h\u00e9bergeur du site est OVH. Charte de protections des donn\u00e9es personnelles R\u00e9pondre est facultatif, sauf concernant les informations n\u00e9cessaires \u00e0 la prise en compte de votre r\u00e9servation qui sont signal\u00e9es obligatoires. Les informations renseign\u00e9es sur nos formulaires et questionnaires sont \u00e0 [&hellip;]<\/p>\n","protected":false},"author":1239,"featured_media":0,"parent":0,"menu_order":0,"comment_status":"closed","ping_status":"closed","template":"","meta":[],"_links":{"self":[{"href":"https:\/\/crea.enseignementdemichael.fr\/index.php\/wp-json\/wp\/v2\/pages\/173"}],"collection":[{"href":"https:\/\/crea.enseignementdemichael.fr\/index.php\/wp-json\/wp\/v2\/pages"}],"about":[{"href":"https:\/\/crea.enseignementdemichael.fr\/index.php\/wp-json\/wp\/v2\/types\/page"}],"author":[{"embeddable":true,"href":"https:\/\/crea.enseignementdemichael.fr\/index.php\/wp-json\/wp\/v2\/users\/1239"}],"replies":[{"embeddable":true,"href":"https:\/\/crea.enseignementdemichael.fr\/index.php\/wp-json\/wp\/v2\/comments?post=173"}],"version-history":[{"count":6,"href":"https:\/\/crea.enseignementdemichael.fr\/index.php\/wp-json\/wp\/v2\/pages\/173\/revisions"}],"predecessor-version":[{"id":288,"href":"https:\/\/crea.enseignementdemichael.fr\/index.php\/wp-json\/wp\/v2\/pages\/173\/revisions\/288"}],"wp:attachment":[{"href":"https:\/\/crea.enseignementdemichael.fr\/index.php\/wp-json\/wp\/v2\/media?parent=173"}],"curies":[{"name":"wp","href":"https:\/\/api.w.org\/{rel}","templated":true}]}}