{"id":2,"date":"2019-03-06T20:47:26","date_gmt":"2019-03-06T19:47:26","guid":{"rendered":"http:\/\/enseignementdemichael.fr\/?page_id=2"},"modified":"2021-04-20T20:53:10","modified_gmt":"2021-04-20T18:53:10","slug":"page-d-exemple","status":"publish","type":"page","link":"https:\/\/crea.enseignementdemichael.fr\/","title":{"rendered":"Bienvenue"},"content":{"rendered":"\r\n<p style=\"text-align: left;\"><em><strong>PROTOCOLE QUANTIQUE S\u00e9ances priv\u00e9es personnalis\u00e9es<\/strong><\/em><\/p>\r\n<p>&nbsp;<\/p>\r\n\r\n\r\n\r\n<p style=\"text-align: left;\">Processus destin\u00e9 \u00e0 ramener la personne \u00e0 l\u2019exp\u00e9rience \u00a0de pl\u00e9nitude en totalit\u00e9.<\/p>\r\n<p><img decoding=\"async\" loading=\"lazy\" class=\"wp-image-6911  alignright\" src=\"https:\/\/enseignementdemichael.fr\/wp-content\/uploads\/2021\/04\/CD-VIRTUEL-PHOTO-POUR-NEWSLETTER-1.png\" alt=\"\" width=\"149\" height=\"184\" srcset=\"https:\/\/crea.enseignementdemichael.fr\/wp-content\/uploads\/2021\/04\/CD-VIRTUEL-PHOTO-POUR-NEWSLETTER-1.png 618w, https:\/\/crea.enseignementdemichael.fr\/wp-content\/uploads\/2021\/04\/CD-VIRTUEL-PHOTO-POUR-NEWSLETTER-1-243x300.png 243w, https:\/\/crea.enseignementdemichael.fr\/wp-content\/uploads\/2021\/04\/CD-VIRTUEL-PHOTO-POUR-NEWSLETTER-1-600x741.png 600w\" sizes=\"(max-width: 149px) 100vw, 149px\" \/><\/p>\r\n\r\n\r\n\r\n<p style=\"text-align: left;\">Le r\u00e9sultat final lorsqu\u2019il y a succ\u00e8s porte le m\u00eame nom.<\/p>\r\n\r\n\r\n\r\n<p style=\"text-align: left;\">Atteindre le bien-\u00eatre est une expression d\u2019amour.<\/p>\r\n\r\n\r\n\r\n<p style=\"text-align: left;\">L\u2019abondance en sant\u00e9 est un \u00a0droit primordial de naissance.<\/p>\r\n<p>&nbsp;<\/p>\r\n\r\n\r\n\r\n\r\n\r\n<p style=\"text-align: left;\"><strong>Je traite les inconforts physiques et \u00e9motionnels dans diff\u00e9rents aspects de votre vie : maux, soucis professionnels, relationnels, affectifs\u2026 G\u00e9n\u00e9ralement, 3<\/strong><strong>\u00a0\u00e0 5 s\u00e9ances sont suffisantes pour t<\/strong><strong>raiter une situation inconfortable.<\/strong><\/p>\r\n<p>&nbsp;<\/p>\r\n\r\n\r\n\r\n\r\n\r\n<p style=\"text-align: left;\">Ma joie, ma passion consiste \u00e0 accompagner les personnes sur le chemin du mieux-\u00eatre, de l\u2019auto-gu\u00e9rison et de la r\u00e9ussite.\u00a0<\/p>\r\n<p>&nbsp;<\/p>\r\n\r\n\r\n\r\n<p style=\"text-align: left;\"><strong>fabiola@therapies-quantiques.net<\/strong><\/p>\r\n","protected":false},"excerpt":{"rendered":"<p>PROTOCOLE QUANTIQUE S\u00e9ances priv\u00e9es personnalis\u00e9es &nbsp; Processus destin\u00e9 \u00e0 ramener la personne \u00e0 l\u2019exp\u00e9rience \u00a0de pl\u00e9nitude en totalit\u00e9. Le r\u00e9sultat final lorsqu\u2019il y a succ\u00e8s porte le m\u00eame nom. Atteindre le bien-\u00eatre est une expression d\u2019amour. L\u2019abondance en sant\u00e9 est un \u00a0droit primordial de naissance. &nbsp; Je traite les inconforts physiques et \u00e9motionnels dans diff\u00e9rents [&hellip;]<\/p>\n","protected":false},"author":1,"featured_media":0,"parent":0,"menu_order":0,"comment_status":"closed","ping_status":"open","template":"","meta":[],"_links":{"self":[{"href":"https:\/\/crea.enseignementdemichael.fr\/index.php\/wp-json\/wp\/v2\/pages\/2"}],"collection":[{"href":"https:\/\/crea.enseignementdemichael.fr\/index.php\/wp-json\/wp\/v2\/pages"}],"about":[{"href":"https:\/\/crea.enseignementdemichael.fr\/index.php\/wp-json\/wp\/v2\/types\/page"}],"author":[{"embeddable":true,"href":"https:\/\/crea.enseignementdemichael.fr\/index.php\/wp-json\/wp\/v2\/users\/1"}],"replies":[{"embeddable":true,"href":"https:\/\/crea.enseignementdemichael.fr\/index.php\/wp-json\/wp\/v2\/comments?post=2"}],"version-history":[{"count":12,"href":"https:\/\/crea.enseignementdemichael.fr\/index.php\/wp-json\/wp\/v2\/pages\/2\/revisions"}],"predecessor-version":[{"id":6962,"href":"https:\/\/crea.enseignementdemichael.fr\/index.php\/wp-json\/wp\/v2\/pages\/2\/revisions\/6962"}],"wp:attachment":[{"href":"https:\/\/crea.enseignementdemichael.fr\/index.php\/wp-json\/wp\/v2\/media?parent=2"}],"curies":[{"name":"wp","href":"https:\/\/api.w.org\/{rel}","templated":true}]}}