{"id":23,"date":"2019-03-07T20:00:03","date_gmt":"2019-03-07T19:00:03","guid":{"rendered":"http:\/\/enseignementdemichael.fr\/?page_id=23"},"modified":"2021-02-23T23:20:17","modified_gmt":"2021-02-23T22:20:17","slug":"protocole-quantique-energeticienne","status":"publish","type":"page","link":"https:\/\/crea.enseignementdemichael.fr\/index.php\/protocole-quantique-energeticienne\/","title":{"rendered":"Protocole Quantique Energ\u00e9ticienne"},"content":{"rendered":"\t\t<div data-elementor-type=\"wp-post\" data-elementor-id=\"23\" class=\"elementor elementor-23 elementor-bc-flex-widget\" data-elementor-settings=\"[]\">\n\t\t\t<div class=\"elementor-inner\">\n\t\t\t\t<div class=\"elementor-section-wrap\">\n\t\t\t\t\t\t\t<section class=\"elementor-element elementor-element-6f02b851 elementor-section-boxed elementor-section-height-default elementor-section-height-default elementor-section elementor-top-section\" data-id=\"6f02b851\" data-element_type=\"section\">\n\t\t\t\t\t\t<div class=\"elementor-container elementor-column-gap-default\">\n\t\t\t\t<div class=\"elementor-row\">\n\t\t\t\t<div class=\"elementor-element elementor-element-22ab760d elementor-column elementor-col-100 elementor-top-column\" data-id=\"22ab760d\" data-element_type=\"column\">\n\t\t\t<div class=\"elementor-column-wrap  elementor-element-populated\">\n\t\t\t\t\t<div class=\"elementor-widget-wrap\">\n\t\t\t\t<div class=\"elementor-element elementor-element-3a84713 elementor-widget elementor-widget-text-editor\" data-id=\"3a84713\" data-element_type=\"widget\" data-widget_type=\"text-editor.default\">\n\t\t\t\t<div class=\"elementor-widget-container\">\n\t\t\t\t\t<div class=\"elementor-text-editor elementor-clearfix\"><!-- wp:spacer {\"height\":36} -->\n<div style=\"height:36px\" aria-hidden=\"true\" class=\"wp-block-spacer\"><\/div>\n<!-- \/wp:spacer -->\n\n<!-- wp:paragraph -->\n<p><em>D\u00e9tonateur de bien-\u00eatre et de r\u00e9ussite<\/em><\/p>\n<!-- \/wp:paragraph -->\n\n<!-- wp:paragraph -->\n<p>Je m&#8217;engage \u00e0 ne formuler aucun diagnostic m\u00e9dical.<\/p>\n<!-- \/wp:paragraph -->\n\n<!-- wp:paragraph -->\n<p>Je m&#8217;engage \u00e0 ne m&#8217;opposer \u00e0 aucun traitement m\u00e9dical en cours donn\u00e9 par un m\u00e9decin.<\/p>\n<!-- \/wp:paragraph -->\n\n<!-- wp:paragraph -->\n<p>Je m&#8217;engage \u00e0 ne m&#8217;opposer \u00e0 aucune intervention chirurgicale pr\u00e9vue par un m\u00e9decin.<\/p>\n<!-- \/wp:paragraph -->\n\n<!-- wp:paragraph -->\n<p>Je m&#8217;engage &nbsp;\u00e0 ne porter aucune atteinte \u00e0 la personne sous quelque forme que ce soit ; influence mentale, abus de faiblesse, &#8230;<\/p>\n<!-- \/wp:paragraph -->\n\n<!-- wp:paragraph -->\n<p>Je m&#8217;engage \u00e0 faire tout mon possible pour soulager, sans pour cela promettre le miracle.<\/p>\n<!-- \/wp:paragraph -->\n\n<!-- wp:spacer -->\n<div style=\"height:100px\" aria-hidden=\"true\" class=\"wp-block-spacer\"><\/div>\n<!-- \/wp:spacer -->\n\n<!-- wp:image {\"id\":126,\"align\":\"center\",\"width\":414,\"height\":246} -->\n<div class=\"wp-block-image\"><figure class=\"aligncenter is-resized\"><img decoding=\"async\" loading=\"lazy\" src=\"http:\/\/enseignementdemichael.fr\/wp-content\/uploads\/2019\/03\/archange-transparent-2.png\" alt=\"\" class=\"wp-image-126\" width=\"414\" height=\"246\" srcset=\"https:\/\/crea.enseignementdemichael.fr\/wp-content\/uploads\/2019\/03\/archange-transparent-2.png 963w, https:\/\/crea.enseignementdemichael.fr\/wp-content\/uploads\/2019\/03\/archange-transparent-2-300x179.png 300w, https:\/\/crea.enseignementdemichael.fr\/wp-content\/uploads\/2019\/03\/archange-transparent-2-768x458.png 768w, https:\/\/crea.enseignementdemichael.fr\/wp-content\/uploads\/2019\/03\/archange-transparent-2-600x358.png 600w\" sizes=\"(max-width: 414px) 100vw, 414px\" \/><\/figure><\/div>\n<!-- \/wp:image -->\n\n<!-- wp:spacer -->\n<div style=\"height:100px\" aria-hidden=\"true\" class=\"wp-block-spacer\"><\/div>\n<!-- \/wp:spacer --><\/div>\n\t\t\t\t<\/div>\n\t\t\t\t<\/div>\n\t\t\t\t\t\t<\/div>\n\t\t\t<\/div>\n\t\t<\/div>\n\t\t\t\t\t\t<\/div>\n\t\t\t<\/div>\n\t\t<\/section>\n\t\t\t\t\t\t<\/div>\n\t\t\t<\/div>\n\t\t<\/div>\n\t\t","protected":false},"excerpt":{"rendered":"<p>D\u00e9tonateur de bien-\u00eatre et de r\u00e9ussite Je m&#8217;engage \u00e0 ne formuler aucun diagnostic m\u00e9dical. Je m&#8217;engage \u00e0 ne m&#8217;opposer \u00e0 aucun traitement m\u00e9dical en cours donn\u00e9 par un m\u00e9decin. Je m&#8217;engage \u00e0 ne m&#8217;opposer \u00e0 aucune intervention chirurgicale pr\u00e9vue par un m\u00e9decin. Je m&#8217;engage &nbsp;\u00e0 ne porter aucune atteinte \u00e0 la personne sous quelque forme [&hellip;]<\/p>\n","protected":false},"author":1239,"featured_media":0,"parent":0,"menu_order":0,"comment_status":"closed","ping_status":"closed","template":"","meta":[],"_links":{"self":[{"href":"https:\/\/crea.enseignementdemichael.fr\/index.php\/wp-json\/wp\/v2\/pages\/23"}],"collection":[{"href":"https:\/\/crea.enseignementdemichael.fr\/index.php\/wp-json\/wp\/v2\/pages"}],"about":[{"href":"https:\/\/crea.enseignementdemichael.fr\/index.php\/wp-json\/wp\/v2\/types\/page"}],"author":[{"embeddable":true,"href":"https:\/\/crea.enseignementdemichael.fr\/index.php\/wp-json\/wp\/v2\/users\/1239"}],"replies":[{"embeddable":true,"href":"https:\/\/crea.enseignementdemichael.fr\/index.php\/wp-json\/wp\/v2\/comments?post=23"}],"version-history":[{"count":6,"href":"https:\/\/crea.enseignementdemichael.fr\/index.php\/wp-json\/wp\/v2\/pages\/23\/revisions"}],"predecessor-version":[{"id":199,"href":"https:\/\/crea.enseignementdemichael.fr\/index.php\/wp-json\/wp\/v2\/pages\/23\/revisions\/199"}],"wp:attachment":[{"href":"https:\/\/crea.enseignementdemichael.fr\/index.php\/wp-json\/wp\/v2\/media?parent=23"}],"curies":[{"name":"wp","href":"https:\/\/api.w.org\/{rel}","templated":true}]}}