{"id":8518,"date":"2021-09-10T15:22:51","date_gmt":"2021-09-10T13:22:51","guid":{"rendered":"https:\/\/www.enseignementdemichael.fr\/?page_id=8518"},"modified":"2023-10-25T14:26:48","modified_gmt":"2023-10-25T12:26:48","slug":"enseignement-x-de-michael-entrez-dans-la-couche-de-photons","status":"publish","type":"page","link":"https:\/\/crea.enseignementdemichael.fr\/index.php\/enseignement-x-de-michael-entrez-dans-la-couche-de-photons\/","title":{"rendered":"ENSEIGNEMENT X DE MICHAEL ENTREZ DANS LA COUCHE DE PHOTONS"},"content":{"rendered":"<div class=\"x_gmail_signature\" dir=\"ltr\">\n<div dir=\"ltr\">\n<div dir=\"ltr\">\n<div dir=\"ltr\">\n<div dir=\"ltr\">\n<div dir=\"ltr\">\n<div dir=\"ltr\">\n<div dir=\"ltr\">\n<div dir=\"ltr\">\n<div dir=\"ltr\">\n<div dir=\"ltr\">\n<div dir=\"ltr\">\n<div dir=\"ltr\">\n<div dir=\"ltr\">\n<div dir=\"ltr\">\n<div dir=\"ltr\">\n<div dir=\"ltr\">\n<div dir=\"ltr\">\n<div dir=\"ltr\">\n<div dir=\"ltr\">\n<div dir=\"ltr\">\n<div dir=\"ltr\">\n<div dir=\"ltr\">\n<div dir=\"ltr\">\n<div dir=\"ltr\">\n<div dir=\"ltr\">\n<div dir=\"ltr\">\n<div dir=\"ltr\">\n<div dir=\"ltr\">\n<div dir=\"ltr\">\n<div dir=\"ltr\">\n<div dir=\"ltr\">\n<div dir=\"ltr\">\n<div dir=\"ltr\">\n<div dir=\"ltr\">\n<div dir=\"ltr\">\n<div dir=\"ltr\">\n<div dir=\"ltr\">\n<div dir=\"ltr\">\n<div dir=\"ltr\">\n<div dir=\"ltr\">\n<div dir=\"ltr\">\n<div dir=\"ltr\">\n<div dir=\"ltr\">\n<div dir=\"ltr\">\n<div dir=\"ltr\">\n<div dir=\"ltr\">\n<div dir=\"ltr\">\n<div dir=\"ltr\">\n<div dir=\"ltr\">\n<div dir=\"ltr\">\n<div dir=\"ltr\">\n<div dir=\"ltr\">\n<div dir=\"ltr\">\n<div dir=\"ltr\">\n<div dir=\"ltr\">\n<div dir=\"ltr\">\n<div dir=\"ltr\">\n<div dir=\"ltr\">\n<div dir=\"ltr\">\n<div dir=\"ltr\">\n<div dir=\"ltr\">\n<div dir=\"ltr\">\n<div dir=\"ltr\">\n<div dir=\"ltr\">\n<div dir=\"ltr\">\n<div dir=\"ltr\">\n<div dir=\"ltr\">\n<div dir=\"ltr\">\n<div dir=\"ltr\">\n<div dir=\"ltr\">\n<div dir=\"ltr\">\n<div dir=\"ltr\">\n<div dir=\"ltr\">\n<div dir=\"ltr\">\n<div dir=\"ltr\">\n<div dir=\"ltr\">\n<div dir=\"ltr\">\n<div dir=\"ltr\">\n<div dir=\"ltr\">\n<div dir=\"ltr\">\n<div dir=\"ltr\">\n<div dir=\"ltr\">\n<div dir=\"ltr\">\n<div dir=\"ltr\">\n<div dir=\"ltr\">\n<div dir=\"ltr\">\n<div dir=\"ltr\">\n<div dir=\"ltr\">\n<div dir=\"ltr\">\n<div dir=\"ltr\">\n<div dir=\"ltr\">\n<div dir=\"ltr\">\n<div dir=\"ltr\">\n<div dir=\"ltr\">\n<div dir=\"ltr\">\n<div dir=\"ltr\">\n<div dir=\"ltr\">\n<div dir=\"ltr\">\n<div dir=\"ltr\">\n<div dir=\"ltr\">\n<div dir=\"ltr\">\n<div dir=\"ltr\">\n<div dir=\"ltr\">\n<div dir=\"ltr\">\n<div dir=\"ltr\">\n<div dir=\"ltr\">\n<div dir=\"ltr\">\n<div dir=\"ltr\">\n<div dir=\"ltr\">\n<div dir=\"ltr\">\n<div dir=\"ltr\">\n<div dir=\"ltr\">\n<div dir=\"ltr\">\n<div dir=\"ltr\">\n<div dir=\"ltr\">\n<div dir=\"ltr\">\n<div dir=\"ltr\">\n<div dir=\"ltr\">\n<div dir=\"ltr\">\n<div dir=\"ltr\">\n<div dir=\"ltr\">\n<div dir=\"ltr\">\n<div dir=\"ltr\">\n<div dir=\"ltr\">\n<div dir=\"ltr\">\n<div dir=\"ltr\">\n<div dir=\"ltr\">\n<div dir=\"ltr\">\n<div dir=\"ltr\">\n<div dir=\"ltr\">\n<div dir=\"ltr\">\n<div dir=\"ltr\">\n<div dir=\"ltr\">\n<div dir=\"ltr\">\n<div dir=\"ltr\">\n<div dir=\"ltr\">\n<div dir=\"ltr\">\n<div dir=\"ltr\">\n<div dir=\"ltr\">\n<div dir=\"ltr\">\n<div dir=\"ltr\">\n<div dir=\"ltr\">\n<div dir=\"ltr\">\n<div dir=\"ltr\">\n<div dir=\"ltr\">\n<div dir=\"ltr\">\n<div dir=\"ltr\">\n<div dir=\"ltr\">\n<div dir=\"ltr\">\n<div dir=\"ltr\">\n<div dir=\"ltr\">\n<div dir=\"ltr\">\n<div dir=\"ltr\">\n<div dir=\"ltr\">\n<div dir=\"ltr\">\n<div dir=\"ltr\">\n<div><img decoding=\"async\" loading=\"lazy\" class=\"wp-image-8520 aligncenter\" src=\"https:\/\/enseignementdemichael.fr\/wp-content\/uploads\/2021\/09\/ENSEIGNEMENT10V2.jpg\" alt=\"\" width=\"587\" height=\"350\" srcset=\"https:\/\/crea.enseignementdemichael.fr\/wp-content\/uploads\/2021\/09\/ENSEIGNEMENT10V2.jpg 963w, https:\/\/crea.enseignementdemichael.fr\/wp-content\/uploads\/2021\/09\/ENSEIGNEMENT10V2-300x179.jpg 300w, https:\/\/crea.enseignementdemichael.fr\/wp-content\/uploads\/2021\/09\/ENSEIGNEMENT10V2-768x458.jpg 768w, https:\/\/crea.enseignementdemichael.fr\/wp-content\/uploads\/2021\/09\/ENSEIGNEMENT10V2-600x358.jpg 600w\" sizes=\"(max-width: 587px) 100vw, 587px\" \/><\/div>\n<div><\/div>\n<div>Entrer dans la conscience nouvelle est un formidable tremplin aux changements positifs sur ce plan terrestre.<\/div>\n<div><\/div>\n<div>\n<p class=\"x_MsoNormal\">Qu\u2019est-ce qu\u2019un photon ? Comment agit l&#8217;\u00e9nergie photonique?<\/p>\n<p class=\"x_MsoNormal\">Quel est le plan des ma\u00eetres galactiques par rapport \u00e0 l&#8217;usage de la couche de photons avec notre syst\u00e8me solaire ?<\/p>\n<p class=\"x_MsoNormal\">\u00a0Quelles sont les cons\u00e9quences pour le genre humain d&#8217;entrer dans la couche de photons ?<\/p>\n<p class=\"x_MsoNormal\">Il est temps de se poser les bonnes questions, voici un proc\u00e9d\u00e9 quantique sous forme d&#8217;enseignement nouveau, venant de l&#8217;archange Micha\u00ebl accompagn\u00e9 de sa hi\u00e9rarchie archang\u00e9lique.<\/p>\n<p class=\"x_MsoNormal\">Si chaque portail \u00e9nerg\u00e9tique est une r\u00e9alit\u00e9 pour vous, et nous en aurons de plus en plus, alors ici vous recevrez avec fluidit\u00e9 des r\u00e9-encodages puissants de compr\u00e9hension, des cl\u00e9s afin d&#8217;\u00e9lever votre taux vibratoire et d&#8217;accompagner sereinement l&#8217;expansion de votre conscience.<\/p>\n<p class=\"x_MsoNormal\">Le proc\u00e9d\u00e9 dure 52 minutes, vous pouvez l&#8217;\u00e9couter en 2 fois, je vous recommande de l&#8217;\u00e9couter avec attention, en entier, pendant 7 jours cons\u00e9cutifs, afin d&#8217;absorber au mieux de vos capacit\u00e9s sa pure essence divine.<\/p>\n<p class=\"x_gmail-x_gmail-xmsonormal\">Les 100 premiers inscrits auront\u00a0<u>le privil\u00e8ge<\/u>\u00a0de recevoir en cadeau le Soin Quantique pour se placer dans la croix de lumi\u00e8re archang\u00e9lique, afin d&#8217;\u00e9purer votre champ vibratoire, et recevoir un soin de pure lumi\u00e8re d&#8217;une prodigieuse protection.<\/p>\n<p>&nbsp;<\/p>\n<p align=\"center\">Tarif: 125,00 <strong><span style=\"font-family: georgia, serif;\">\u20ac<\/span><\/strong><\/p>\n<p align=\"center\"><a href=\"https:\/\/sg-autorepondeur.com\/public\/form.php?data=eyJmb3JtIjo2ODEwMSwidXNlciI6IjEyODk3In0-\" target=\"_blank\" rel=\"noopener noreferrer\" data-auth=\"NotApplicable\" data-linkindex=\"0\">Oui je veux l\u2019Enseignement X La Couche de Photons<\/a><\/p>\n<\/div>\n<\/div>\n<\/div>\n<\/div>\n<\/div>\n<\/div>\n<\/div>\n<\/div>\n<\/div>\n<\/div>\n<\/div>\n<\/div>\n<\/div>\n<\/div>\n<\/div>\n<\/div>\n<\/div>\n<\/div>\n<\/div>\n<\/div>\n<\/div>\n<\/div>\n<\/div>\n<\/div>\n<\/div>\n<\/div>\n<\/div>\n<\/div>\n<\/div>\n<\/div>\n<\/div>\n<\/div>\n<\/div>\n<\/div>\n<\/div>\n<\/div>\n<\/div>\n<\/div>\n<\/div>\n<\/div>\n<\/div>\n<\/div>\n<\/div>\n<\/div>\n<\/div>\n<\/div>\n<\/div>\n<\/div>\n<\/div>\n<\/div>\n<\/div>\n<\/div>\n<\/div>\n<\/div>\n<\/div>\n<\/div>\n<\/div>\n<\/div>\n<\/div>\n<\/div>\n<\/div>\n<\/div>\n<\/div>\n<\/div>\n<\/div>\n<\/div>\n<\/div>\n<\/div>\n<\/div>\n<\/div>\n<\/div>\n<\/div>\n<\/div>\n<\/div>\n<\/div>\n<\/div>\n<\/div>\n<\/div>\n<\/div>\n<\/div>\n<\/div>\n<\/div>\n<\/div>\n<\/div>\n<\/div>\n<\/div>\n<\/div>\n<\/div>\n<\/div>\n<\/div>\n<\/div>\n<\/div>\n<\/div>\n<\/div>\n<\/div>\n<\/div>\n<\/div>\n<\/div>\n<\/div>\n<\/div>\n<\/div>\n<\/div>\n<\/div>\n<\/div>\n<\/div>\n<\/div>\n<\/div>\n<\/div>\n<\/div>\n<\/div>\n<\/div>\n<\/div>\n<\/div>\n<\/div>\n<\/div>\n<\/div>\n<\/div>\n<\/div>\n<\/div>\n<\/div>\n<\/div>\n<\/div>\n<\/div>\n<\/div>\n<\/div>\n<\/div>\n<\/div>\n<\/div>\n<\/div>\n<\/div>\n<\/div>\n<\/div>\n<\/div>\n<\/div>\n<\/div>\n<\/div>\n<\/div>\n<\/div>\n<\/div>\n<\/div>\n<\/div>\n<\/div>\n<\/div>\n<\/div>\n<\/div>\n<\/div>\n<\/div>\n<\/div>\n<\/div>\n<\/div>\n<\/div>\n<\/div>\n<\/div>\n<\/div>\n<\/div>\n<\/div>\n<\/div>\n<\/div>\n","protected":false},"excerpt":{"rendered":"<p>Entrer dans la conscience nouvelle est un formidable tremplin aux changements positifs sur ce plan terrestre. Qu\u2019est-ce qu\u2019un photon ? Comment agit l&#8217;\u00e9nergie photonique? Quel est le plan des ma\u00eetres galactiques par rapport \u00e0 l&#8217;usage de la couche de photons avec notre syst\u00e8me solaire ? \u00a0Quelles sont les cons\u00e9quences pour le genre humain d&#8217;entrer dans [&hellip;]<\/p>\n","protected":false},"author":1,"featured_media":8520,"parent":0,"menu_order":0,"comment_status":"closed","ping_status":"closed","template":"","meta":[],"_links":{"self":[{"href":"https:\/\/crea.enseignementdemichael.fr\/index.php\/wp-json\/wp\/v2\/pages\/8518"}],"collection":[{"href":"https:\/\/crea.enseignementdemichael.fr\/index.php\/wp-json\/wp\/v2\/pages"}],"about":[{"href":"https:\/\/crea.enseignementdemichael.fr\/index.php\/wp-json\/wp\/v2\/types\/page"}],"author":[{"embeddable":true,"href":"https:\/\/crea.enseignementdemichael.fr\/index.php\/wp-json\/wp\/v2\/users\/1"}],"replies":[{"embeddable":true,"href":"https:\/\/crea.enseignementdemichael.fr\/index.php\/wp-json\/wp\/v2\/comments?post=8518"}],"version-history":[{"count":5,"href":"https:\/\/crea.enseignementdemichael.fr\/index.php\/wp-json\/wp\/v2\/pages\/8518\/revisions"}],"predecessor-version":[{"id":18681,"href":"https:\/\/crea.enseignementdemichael.fr\/index.php\/wp-json\/wp\/v2\/pages\/8518\/revisions\/18681"}],"wp:featuredmedia":[{"embeddable":true,"href":"https:\/\/crea.enseignementdemichael.fr\/index.php\/wp-json\/wp\/v2\/media\/8520"}],"wp:attachment":[{"href":"https:\/\/crea.enseignementdemichael.fr\/index.php\/wp-json\/wp\/v2\/media?parent=8518"}],"curies":[{"name":"wp","href":"https:\/\/api.w.org\/{rel}","templated":true}]}}