{"id":15018,"date":"2023-01-31T17:59:37","date_gmt":"2023-01-31T16:59:37","guid":{"rendered":"https:\/\/www.enseignementdemichael.fr\/?post_type=product&#038;p=15018"},"modified":"2024-01-08T14:36:25","modified_gmt":"2024-01-08T13:36:25","slug":"soin-quantique-assimilation-des-nouveaux-codes-divins","status":"publish","type":"product","link":"https:\/\/crea.enseignementdemichael.fr\/index.php\/produit\/soin-quantique-assimilation-des-nouveaux-codes-divins\/","title":{"rendered":"SOIN QUANTIQUE ASSIMILATION DES NOUVEAUX CODES DIVINS"},"content":{"rendered":"<p class=\"x_MsoNormal\">Voici un opportunit\u00e9 unique de soutenir la pure lumi\u00e8re\u00a0:<\/p>\n<p class=\"x_MsoNormal\">Les \u00catres de Lumi\u00e8re dans les Royaumes de la V\u00e9rit\u00e9 Illumin\u00e9e nous r\u00e9v\u00e8lent qu&#8217;il y a un changement tr\u00e8s positif qui se produit dans les c\u0153urs et les esprits de milliards de personnes partout dans le monde.<\/p>\n<p class=\"x_MsoNormal\">\u00a0L&#8217;attention collective de l&#8217;humanit\u00e9 sur la douleur et les souffrances inadmissibles inflig\u00e9es \u00e0 nos s\u0153urs et fr\u00e8res occasionne un afflux d\u2019encodage nouveau d&#8217;une mani\u00e8re jusque-l\u00e0 inconnue.<\/p>\n<p class=\"x_MsoNormal\">Cela constitue une coupe collective de conscience \u00e9pur\u00e9e, permettant la r\u00e9ception de nouvelles donn\u00e9es d\u2019une grande puret\u00e9.<\/p>\n<p class=\"x_MsoNormal\">La pr\u00e9sence JE SUIS de chaque personne active notre connaissance int\u00e9rieure et notre souvenir de l&#8217;unit\u00e9 de toute vie. L&#8217;\u00e9veil acc\u00e9l\u00e9r\u00e9 des masses passe maintenant au niveau sup\u00e9rieur.<\/p>\n<p class=\"x_MsoNormal\">Avec ce nouveau soin quantique de r\u00e9agencement harmonieux de l\u2019Adn physique et \u00e9therique, vous cr\u00e9ez en vous l&#8217;espace sacr\u00e9 pour un afflux d&#8217;Intervention Divine au-del\u00e0 de vos plus grandes attentes.<\/p>\n<p class=\"x_MsoNormal\">Il est temps de construire la meilleure voie \u00a0pour la prochaine \u00e9tape dans le processus d&#8217;Ascension du plan terrestre, fortement acc\u00e9l\u00e9r\u00e9 par le gouvernement divin.<\/p>\n<p class=\"x_MsoNormal\">S\u00e9ance audio Mp3, avec et sans musique des hautes sph\u00e8res, comptez environ 25 minutes, \u00e0 effectuer dans un espace douillet et silencieux 7 jours cons\u00e9cutifs.<\/p>\n<p class=\"x_gmail-x_MsoNormal\">Soyez d\u00e9j\u00e0 l\u2019\u00e9volution positive que vous voulez voir dans votre monde de demain.<\/p>\n<p class=\"x_gmail-x_MsoNormal\" align=\"center\">\n","protected":false},"excerpt":{"rendered":"<p>Voici un opportunit\u00e9 unique de soutenir la pure lumi\u00e8re\u00a0: Les \u00catres de Lumi\u00e8re dans les Royaumes de la V\u00e9rit\u00e9 Illumin\u00e9e nous r\u00e9v\u00e8lent qu&#8217;il y a un changement tr\u00e8s positif qui se produit dans les c\u0153urs et les esprits de milliards de personnes partout dans le monde. \u00a0L&#8217;attention collective de l&#8217;humanit\u00e9 sur la douleur et les [&hellip;]<\/p>\n","protected":false},"featured_media":1709,"template":"","meta":[],"product_cat":[16],"product_tag":[],"_links":{"self":[{"href":"https:\/\/crea.enseignementdemichael.fr\/index.php\/wp-json\/wp\/v3\/product\/15018"}],"collection":[{"href":"https:\/\/crea.enseignementdemichael.fr\/index.php\/wp-json\/wp\/v3\/product"}],"about":[{"href":"https:\/\/crea.enseignementdemichael.fr\/index.php\/wp-json\/wp\/v2\/types\/product"}],"wp:featuredmedia":[{"embeddable":true,"href":"https:\/\/crea.enseignementdemichael.fr\/index.php\/wp-json\/wp\/v2\/media\/1709"}],"wp:attachment":[{"href":"https:\/\/crea.enseignementdemichael.fr\/index.php\/wp-json\/wp\/v2\/media?parent=15018"}],"wp:term":[{"taxonomy":"product_cat","embeddable":true,"href":"https:\/\/crea.enseignementdemichael.fr\/index.php\/wp-json\/wp\/v2\/product_cat?post=15018"},{"taxonomy":"product_tag","embeddable":true,"href":"https:\/\/crea.enseignementdemichael.fr\/index.php\/wp-json\/wp\/v2\/product_tag?post=15018"}],"curies":[{"name":"wp","href":"https:\/\/api.w.org\/{rel}","templated":true}]}}