{"id":15751,"date":"2023-03-16T08:34:36","date_gmt":"2023-03-16T07:34:36","guid":{"rendered":"https:\/\/www.enseignementdemichael.fr\/?post_type=product&#038;p=15751"},"modified":"2024-01-08T14:36:03","modified_gmt":"2024-01-08T13:36:03","slug":"le-portail-de-redemption-de-marie","status":"publish","type":"product","link":"https:\/\/crea.enseignementdemichael.fr\/index.php\/produit\/le-portail-de-redemption-de-marie\/","title":{"rendered":"LE PORTAIL DE R\u00c9DEMPTION DE MARIE"},"content":{"rendered":"<p class=\"x_MsoNormal\">Nous sommes appel\u00e9s \u00e0 modeler notre vie sur les fr\u00e9quences de la 5<sup>\u00e8me<\/sup>\u00a0dimension. Lorsque cela semble intimidant, il est utile de se tourner vers d&#8217;autres \u00eatres humains qui l&#8217;ont bien int\u00e9gr\u00e9 : J\u00e9sus\u2026et Marie.<\/p>\n<p class=\"x_MsoNormal\">En fin de compte, cependant, personne n&#8217;a mieux imit\u00e9 J\u00e9sus que sa propre M\u00e8re.<\/p>\n<p class=\"x_MsoNormal\">Marie, M\u00e8re de Dieu et M\u00e8re des \u00e2mes, nous a \u00e9t\u00e9 donn\u00e9e comme un exemple que nous pouvons nous efforcer d&#8217;imiter.<\/p>\n<p class=\"x_MsoNormal\">Quand nous nous approchons d&#8217;elle, elle nous conduit directement \u00e0 son Fils.<\/p>\n<p class=\"x_MsoNormal\" align=\"center\">Venez int\u00e9grer les dix vertus principales de la Tr\u00e8s Sainte Vierge Marie\u00a0:<\/p>\n<p class=\"x_MsoNormal\" align=\"center\"><i>Profonde humilit\u00e9<\/i><\/p>\n<p class=\"x_MsoNormal\" align=\"center\"><i>Foi infaillible<\/i><\/p>\n<p class=\"x_MsoNormal\" align=\"center\"><i>Ob\u00e9issance aux lois divines<\/i><\/p>\n<p class=\"x_MsoNormal\" align=\"center\"><i>Pri\u00e8re continuelle<\/i><\/p>\n<p class=\"x_MsoNormal\" align=\"center\"><i>Amour universel<\/i><\/p>\n<p class=\"x_MsoNormal\" align=\"center\"><i>Puret\u00e9 divine<\/i><\/p>\n<p class=\"x_MsoNormal\" align=\"center\"><i>Charit\u00e9 ardente<\/i><\/p>\n<p class=\"x_MsoNormal\" align=\"center\"><i>Patience h\u00e9ro\u00efque<\/i><\/p>\n<p class=\"x_MsoNormal\" align=\"center\"><i>Douceur ang\u00e9lique<\/i><\/p>\n<p class=\"x_MsoNormal\" align=\"center\"><i>Sagesse infinie<\/i><\/p>\n<p class=\"x_MsoNormal\">Ces vertus peuvent sembler \u00e9crasantes au premier abord, mais il existe des moyens simples de les pratiquer dans la vie de tous les jours, notamment en passant sous le portail r\u00e9dempteur de Marie, qui vous conduira jusqu\u2019au majestueux portail de solarisation christique.<\/p>\n<p class=\"x_MsoNormal\">Vous vous ouvrirez ainsi \u00e0 une pluie de b\u00e9n\u00e9dictions et de gr\u00e2ces envoy\u00e9es par Marie, Reine des anges.<\/p>\n<p class=\"x_MsoNormal\">Des changements profonds vont s\u2019op\u00e9rer. D\u2019\u00e9tonnantes possibilit\u00e9s vont \u00e9merger pour vous.<\/p>\n<p class=\"x_MsoNormal\">Voici, canalis\u00e9 pour vous, le nouveau soin quantique r\u00e9dempteur et salvateur\u00a0:<\/p>\n<p class=\"x_MsoNormal\">LE PORTAIL DE R\u00c9DEMPTION DE MARIE<\/p>\n<p class=\"x_MsoNormal\">A enregistrer dans vos dossiers au format Mp3, dur\u00e9e 51 minutes.<\/p>\n<p class=\"x_MsoNormal\">\u00c9coutez-le attentivement pendant 7 jours cons\u00e9cutifs, afin de sceller dans votre champ vibratoire les nouvelles \u00e9nergies d\u2019une puret\u00e9 inou\u00efe, prodigu\u00e9es par Marie Reine de l\u2019Univers.<\/p>\n<p>&nbsp;<\/p>\n<p>Vous m\u00e9ritez le meilleur.<\/p>\n","protected":false},"excerpt":{"rendered":"<p>Nous sommes appel\u00e9s \u00e0 modeler notre vie sur les fr\u00e9quences de la 5\u00e8me\u00a0dimension. Lorsque cela semble intimidant, il est utile de se tourner vers d&#8217;autres \u00eatres humains qui l&#8217;ont bien int\u00e9gr\u00e9 : J\u00e9sus\u2026et Marie. En fin de compte, cependant, personne n&#8217;a mieux imit\u00e9 J\u00e9sus que sa propre M\u00e8re. Marie, M\u00e8re de Dieu et M\u00e8re des [&hellip;]<\/p>\n","protected":false},"featured_media":15752,"template":"","meta":[],"product_cat":[16],"product_tag":[],"_links":{"self":[{"href":"https:\/\/crea.enseignementdemichael.fr\/index.php\/wp-json\/wp\/v3\/product\/15751"}],"collection":[{"href":"https:\/\/crea.enseignementdemichael.fr\/index.php\/wp-json\/wp\/v3\/product"}],"about":[{"href":"https:\/\/crea.enseignementdemichael.fr\/index.php\/wp-json\/wp\/v2\/types\/product"}],"wp:featuredmedia":[{"embeddable":true,"href":"https:\/\/crea.enseignementdemichael.fr\/index.php\/wp-json\/wp\/v2\/media\/15752"}],"wp:attachment":[{"href":"https:\/\/crea.enseignementdemichael.fr\/index.php\/wp-json\/wp\/v2\/media?parent=15751"}],"wp:term":[{"taxonomy":"product_cat","embeddable":true,"href":"https:\/\/crea.enseignementdemichael.fr\/index.php\/wp-json\/wp\/v2\/product_cat?post=15751"},{"taxonomy":"product_tag","embeddable":true,"href":"https:\/\/crea.enseignementdemichael.fr\/index.php\/wp-json\/wp\/v2\/product_tag?post=15751"}],"curies":[{"name":"wp","href":"https:\/\/api.w.org\/{rel}","templated":true}]}}