{"id":19599,"date":"2024-02-15T11:33:29","date_gmt":"2024-02-15T10:33:29","guid":{"rendered":"https:\/\/www.enseignementdemichael.fr\/?post_type=product&#038;p=19599"},"modified":"2024-03-03T13:07:58","modified_gmt":"2024-03-03T12:07:58","slug":"enseignement-xviii-portail-vers-la-7eme-race","status":"publish","type":"product","link":"https:\/\/crea.enseignementdemichael.fr\/index.php\/produit\/enseignement-xviii-portail-vers-la-7eme-race\/","title":{"rendered":"ENSEIGNEMENT XVIII PORTAIL VERS LA 7\u00e8me RACE"},"content":{"rendered":"<p class=\"x_MsoNormal\">La septi\u00e8me race sera la derni\u00e8re race \u00e0 appara\u00eetre sur la plan\u00e8te Terre.<\/p>\n<p class=\"x_MsoNormal\">Toute diff\u00e9rence sexuelle entre les humains cessera d\u2019exister et\u00a0 la conception et la naissance deviendront enti\u00e8rement spirituelles.<\/p>\n<p class=\"x_MsoNormal\">L\u2019humanit\u00e9 conna\u00eetra un grand d\u00e9veloppement spirituel jamais atteint jusqu\u2019alors.<\/p>\n<p class=\"x_MsoNormal\">Cette expansion permettra que tout ce qui est irr\u00e9m\u00e9diablement p\u00e9cheur et m\u00e9chant, cruel et destructeur, aura \u00e9t\u00e9 \u00e9limin\u00e9, balay\u00e9 par un raz-de-mar\u00e9e karmique sous la forme d&#8217;\u00e9nergies charognardes\u00a0:<\/p>\n<p class=\"x_MsoNormal\">Pand\u00e9mies, pestes, feux, convulsions g\u00e9ologiques, cataclysmes, guerres, empoisonnements de masse, et autres moyens de destruction.<\/p>\n<p class=\"x_MsoNormal\">Alors, entrez dans le portail de la 7<sup>\u00e8me<\/sup>\u00a0race et soyez puissamment prot\u00e9g\u00e9s et \u00e9lev\u00e9s pour participer \u00e0 la construction de la Nouvelle Terre, la J\u00e9rusalem c\u00e9leste.<\/p>\n<p class=\"x_MsoNormal\">Venez vivre 60 minutes d\u2019enseignement fort, et recevez l\u2019encodage nouveau vous offrant la possibilit\u00e9 d\u2019augmenter votre pouvoir sur la mati\u00e8re et automatiquement \u00e9tablir un rapport permanent avec l\u2019invisible.<\/p>\n<p class=\"x_MsoNormal\">Vous ferez partie \u00e9ventuellement d\u2019un continuum \u00e9volutif qui permet a\u0300 l\u2019Humanit\u00e9 de rentrer en contact avec le Logos Christos, la transcendance du divin.<\/p>\n<p class=\"x_MsoNormal\">\ud83d\udc49\ud83c\udffeEnseignement audio \u00e0 t\u00e9l\u00e9charger en Mp3 &#8211; 60 minutes ph\u00e9nom\u00e9nales<\/p>\n<p class=\"x_MsoNormal\">\ud83d\udc49\ud83c\udffeAvec musique \u00e0 432Hz ou sans musique<\/p>\n<p class=\"x_MsoNormal\">\ud83c\udf81\u00a0En Cadeau Le Soin Exclusif\u00a0Logos Christos (Grand Secret Spirituel) pour les 50 premi\u00e8res commandes uniquement &#8211; 13 minutes intenses<\/p>\n<p class=\"x_MsoNormal\">\n<p class=\"x_MsoNormal\">\n","protected":false},"excerpt":{"rendered":"<p>La septi\u00e8me race sera la derni\u00e8re race \u00e0 appara\u00eetre sur la plan\u00e8te Terre. Toute diff\u00e9rence sexuelle entre les humains cessera d\u2019exister et\u00a0 la conception et la naissance deviendront enti\u00e8rement spirituelles. L\u2019humanit\u00e9 conna\u00eetra un grand d\u00e9veloppement spirituel jamais atteint jusqu\u2019alors. Cette expansion permettra que tout ce qui est irr\u00e9m\u00e9diablement p\u00e9cheur et m\u00e9chant, cruel et destructeur, aura [&hellip;]<\/p>\n","protected":false},"featured_media":19597,"template":"","meta":[],"product_cat":[16],"product_tag":[],"_links":{"self":[{"href":"https:\/\/crea.enseignementdemichael.fr\/index.php\/wp-json\/wp\/v3\/product\/19599"}],"collection":[{"href":"https:\/\/crea.enseignementdemichael.fr\/index.php\/wp-json\/wp\/v3\/product"}],"about":[{"href":"https:\/\/crea.enseignementdemichael.fr\/index.php\/wp-json\/wp\/v2\/types\/product"}],"wp:featuredmedia":[{"embeddable":true,"href":"https:\/\/crea.enseignementdemichael.fr\/index.php\/wp-json\/wp\/v2\/media\/19597"}],"wp:attachment":[{"href":"https:\/\/crea.enseignementdemichael.fr\/index.php\/wp-json\/wp\/v2\/media?parent=19599"}],"wp:term":[{"taxonomy":"product_cat","embeddable":true,"href":"https:\/\/crea.enseignementdemichael.fr\/index.php\/wp-json\/wp\/v2\/product_cat?post=19599"},{"taxonomy":"product_tag","embeddable":true,"href":"https:\/\/crea.enseignementdemichael.fr\/index.php\/wp-json\/wp\/v2\/product_tag?post=19599"}],"curies":[{"name":"wp","href":"https:\/\/api.w.org\/{rel}","templated":true}]}}