{"id":3966,"date":"2020-10-12T08:50:10","date_gmt":"2020-10-12T06:50:10","guid":{"rendered":"https:\/\/www.enseignementdemichael.fr\/?post_type=product&#038;p=3966"},"modified":"2024-01-08T14:55:51","modified_gmt":"2024-01-08T13:55:51","slug":"reloaded-reprogrammation-des-memoires","status":"publish","type":"product","link":"https:\/\/crea.enseignementdemichael.fr\/index.php\/produit\/reloaded-reprogrammation-des-memoires\/","title":{"rendered":"&#8220;RELOADED&#8221; Reprogrammation des M\u00e9moires"},"content":{"rendered":"<p class=\"x_MsoNormal\">Vous en avez assez de subir toujours les m\u00eame sch\u00e9mas de vie qui se r\u00e9p\u00e8tent?<\/p>\n<p class=\"x_MsoNormal\">Pour infl\u00e9chir la r\u00e9alit\u00e9, il faut reprogrammer votre subconscient, en imprimant de nouvelles donn\u00e9es par la puissance du verbe, en int\u00e9grant ces informations par un \u00e9coute attentive et apais\u00e9e, les \u00e9nergies vibratoires informationnelles vont aller remplacer les vieilles m\u00e9moires p\u00e9rim\u00e9es qui vous desservent.<\/p>\n<p class=\"x_MsoNormal\">Infl\u00e9chir votre r\u00e9alit\u00e9 c&#8217;est la rendre flexible, pour trouver votre vision d&#8217;avenir motivante avec un bonheur en temps r\u00e9el.<\/p>\n<p class=\"x_MsoNormal\">En \u00e9crasant les m\u00e9moires\u00a0<span style=\"color: #000000;\">ancestrales<\/span>\u00a0en rechargeant votre disque dur interne avec la version la plus r\u00e9ussie de l&#8217;\u00eatre humain.<\/p>\n<p class=\"x_MsoNormal\">Ecrasez les m\u00e9moires karmiques engramm\u00e9es dans votre champ d&#8217;\u00e9nergie par cette mise \u00e0 jour 3.0:<\/p>\n<p class=\"x_MsoNormal\">Chargez votre subconscient avec les puissantes donn\u00e9es de votre nouvelle r\u00e9alit\u00e9, pour \u00e9voluer avec plaisir, le bonheur alors ressenti jouera le r\u00f4le de supercarburant qui propulse vers l&#8217;avenir radieux que vous m\u00e9ritez.<\/p>\n<p class=\"x_MsoNormal\">La s\u00e9ance priv\u00e9e \u00ab\u00a0RELOADED Reprogrammation des m\u00e9moires\u00a0\u00bb, en t\u00e9l\u00e9chargement audio, est \u00e0 effectuer id\u00e9alement pendant 28 jours, elle dure environ 45 minutes, le meilleur moment pour l&#8217;\u00e9couter sera pendant votre phase d\u2019endormissement.<\/p>\n<p class=\"x_MsoNormal\">Je vous en souhaite de profonds bienfaits.<\/p>\n<p class=\"x_MsoNormal\">Merci d\u2019exister, je vous aime.<\/p>\n","protected":false},"excerpt":{"rendered":"<p>Vous en avez assez de subir toujours les m\u00eame sch\u00e9mas de vie qui se r\u00e9p\u00e8tent? Pour infl\u00e9chir la r\u00e9alit\u00e9, il faut reprogrammer votre subconscient, en imprimant de nouvelles donn\u00e9es par la puissance du verbe, en int\u00e9grant ces informations par un \u00e9coute attentive et apais\u00e9e, les \u00e9nergies vibratoires informationnelles vont aller remplacer les vieilles m\u00e9moires p\u00e9rim\u00e9es [&hellip;]<\/p>\n","protected":false},"featured_media":3960,"template":"","meta":[],"product_cat":[16],"product_tag":[],"_links":{"self":[{"href":"https:\/\/crea.enseignementdemichael.fr\/index.php\/wp-json\/wp\/v3\/product\/3966"}],"collection":[{"href":"https:\/\/crea.enseignementdemichael.fr\/index.php\/wp-json\/wp\/v3\/product"}],"about":[{"href":"https:\/\/crea.enseignementdemichael.fr\/index.php\/wp-json\/wp\/v2\/types\/product"}],"wp:featuredmedia":[{"embeddable":true,"href":"https:\/\/crea.enseignementdemichael.fr\/index.php\/wp-json\/wp\/v2\/media\/3960"}],"wp:attachment":[{"href":"https:\/\/crea.enseignementdemichael.fr\/index.php\/wp-json\/wp\/v2\/media?parent=3966"}],"wp:term":[{"taxonomy":"product_cat","embeddable":true,"href":"https:\/\/crea.enseignementdemichael.fr\/index.php\/wp-json\/wp\/v2\/product_cat?post=3966"},{"taxonomy":"product_tag","embeddable":true,"href":"https:\/\/crea.enseignementdemichael.fr\/index.php\/wp-json\/wp\/v2\/product_tag?post=3966"}],"curies":[{"name":"wp","href":"https:\/\/api.w.org\/{rel}","templated":true}]}}