{"id":5561,"date":"2021-02-08T08:00:58","date_gmt":"2021-02-08T07:00:58","guid":{"rendered":"https:\/\/www.enseignementdemichael.fr\/?post_type=product&#038;p=5561"},"modified":"2024-01-08T14:53:07","modified_gmt":"2024-01-08T13:53:07","slug":"soin-quantique-de-liberation-amoureuse-jaccueille-lamour","status":"publish","type":"product","link":"https:\/\/crea.enseignementdemichael.fr\/index.php\/produit\/soin-quantique-de-liberation-amoureuse-jaccueille-lamour\/","title":{"rendered":"SOIN QUANTIQUE DE LIBERATION AMOUREUSE J&#8217;ACCUEILLE L&#8217;AMOUR"},"content":{"rendered":"<p class=\"x_MsoNormal\">Si vous trouvez que \u00a0votre vie amoureuse pourrait bien s\u2019am\u00e9liorer, si vous trouvez que vos amours poss\u00e8dent bien des coins sombres, des coins plong\u00e9s continuellement dans une noirceur qui fait naturellement peur, sachez que vous poss\u00e9dez les moyens de changer \u00e7a.<\/p>\n<p class=\"x_MsoNormal\">Vous le pouvez gr\u00e2ce \u00e0 ce puissant proc\u00e9d\u00e9 quantique, soin de lib\u00e9ration des \u00e9nergies de non amour ou de d\u00e9samour, ce soin va vous conduire \u00e0 de bien plus hautes fr\u00e9quences vibratoires.<\/p>\n<p class=\"x_MsoNormal\">Ce soin quantique\u00a0 nouveau va permettre un profond changement positif dans vos comportements amoureux, et sur vos relations amoureuses.<\/p>\n<p class=\"x_MsoNormal\">Avec une intensit\u00e9 sup\u00e9rieure et bien plus \u00e9lev\u00e9e que tout ce qui \u00e9tait propos\u00e9 jusqu\u2019\u00e0 lors.<\/p>\n<p class=\"x_MsoNormal\">Ce soin quantique de lib\u00e9ration amoureuse consiste\u00a0 \u00e0 traiter votre vie affective dans son c\u00f4t\u00e9 \u00e9nerg\u00e9tique et vibratoire.<\/p>\n<p class=\"x_MsoNormal\">Vous allez autoriser l\u2019int\u00e9gration des nouvelles donn\u00e9es informationnelles dans vos champs et corps d&#8217;\u00e9nergie, pour attirer \u00e0 vous l&#8217;amour pur et les relations bienveillantes.<\/p>\n<p class=\"x_MsoNormal\">S\u00e9curisez votre vie affective avec ce nouveau protocole.<\/p>\n<p class=\"x_MsoNormal\">Dans les jours\u00a0\u00a0suivant\u00a0\u00a0la s\u00e9ance, des d\u00e9blocages peuvent se produire \u00ab d\u2019eux-m\u00eame \u00bb.<\/p>\n<p class=\"x_MsoNormal\">Plus de s\u00e9r\u00e9nit\u00e9\u00a0appara\u00eet en vous, plus de clart\u00e9, plus de pardon, une profonde d\u00e9culpabilisation, une immense ouverture au bonheur et \u00e0 une nouvelle rencontre \u00e9quilibr\u00e9e et harmonieuse.<\/p>\n<p class=\"x_MsoNormal\">Vous allez rayonner, et il se peut m\u00eame qu\u2019on vous le fasse remarquer\u00a0!<\/p>\n<p class=\"x_gmail-x_MsoNormal\">C\u2019est un audio \u00e0 t\u00e9l\u00e9charger, avec ou sans musique,\u00a0 23 minutes d&#8217;intense r\u00e9ception de codes nouveaux. R\u00e9g\u00e9n\u00e9rez votre vie amoureuse!<\/p>\n<p class=\"x_gmail-x_MsoNormal\">Je vous en souhaite une profonde lib\u00e9ration de votre \u00eatre, et de somptueux b\u00e9n\u00e9fices dans vos relations affectives.<\/p>\n<p class=\"x_gmail-x_MsoNormal\" align=\"center\"><strong>Tarif : 110 euros<\/strong><\/p>\n<p class=\"x_gmail-x_MsoNormal\" align=\"center\">\n","protected":false},"excerpt":{"rendered":"<p>Si vous trouvez que \u00a0votre vie amoureuse pourrait bien s\u2019am\u00e9liorer, si vous trouvez que vos amours poss\u00e8dent bien des coins sombres, des coins plong\u00e9s continuellement dans une noirceur qui fait naturellement peur, sachez que vous poss\u00e9dez les moyens de changer \u00e7a. Vous le pouvez gr\u00e2ce \u00e0 ce puissant proc\u00e9d\u00e9 quantique, soin de lib\u00e9ration des \u00e9nergies [&hellip;]<\/p>\n","protected":false},"featured_media":5559,"template":"","meta":[],"product_cat":[16],"product_tag":[],"_links":{"self":[{"href":"https:\/\/crea.enseignementdemichael.fr\/index.php\/wp-json\/wp\/v3\/product\/5561"}],"collection":[{"href":"https:\/\/crea.enseignementdemichael.fr\/index.php\/wp-json\/wp\/v3\/product"}],"about":[{"href":"https:\/\/crea.enseignementdemichael.fr\/index.php\/wp-json\/wp\/v2\/types\/product"}],"wp:featuredmedia":[{"embeddable":true,"href":"https:\/\/crea.enseignementdemichael.fr\/index.php\/wp-json\/wp\/v2\/media\/5559"}],"wp:attachment":[{"href":"https:\/\/crea.enseignementdemichael.fr\/index.php\/wp-json\/wp\/v2\/media?parent=5561"}],"wp:term":[{"taxonomy":"product_cat","embeddable":true,"href":"https:\/\/crea.enseignementdemichael.fr\/index.php\/wp-json\/wp\/v2\/product_cat?post=5561"},{"taxonomy":"product_tag","embeddable":true,"href":"https:\/\/crea.enseignementdemichael.fr\/index.php\/wp-json\/wp\/v2\/product_tag?post=5561"}],"curies":[{"name":"wp","href":"https:\/\/api.w.org\/{rel}","templated":true}]}}