{"id":621,"date":"2019-06-17T13:08:39","date_gmt":"2019-06-17T11:08:39","guid":{"rendered":"http:\/\/enseignementdemichael.fr\/?post_type=product&#038;p=621"},"modified":"2024-01-08T15:01:17","modified_gmt":"2024-01-08T14:01:17","slug":"soin-isqc","status":"publish","type":"product","link":"https:\/\/crea.enseignementdemichael.fr\/index.php\/produit\/soin-isqc\/","title":{"rendered":"Soin ISQC"},"content":{"rendered":"\r\n<p style=\"text-align: left;\">Retrouvez le temps de l\u2019amour, des plaisirs et de la fertilit\u00e9 \u00e0 son point culminant. Formidable opportunit\u00e9 unique de progresser concr\u00e8tement, de construire de nouvelles bases, l\u00e2cher prise et b\u00e2tir un socle fort pour purifier les vieilles m\u00e9moires et vous cr\u00e9er une meilleure vie, plus heureuse, plus apais\u00e9e, plus fluide, plus abondante.<\/p>\r\n<p style=\"text-align: left;\">\r\n\r\n<\/p>\r\n<p>&nbsp;<\/p>\r\n<p align=\"center\"><strong>Tarif\u00a0 110 \u20ac <\/strong><strong><br aria-hidden=\"true\" \/><\/strong><\/p>\r\n<p align=\"center\">\u00a0<\/p>\r\n<p style=\"text-align: center;\">\u00a0<\/p>\r\n","protected":false},"excerpt":{"rendered":"<p>Retrouvez le temps de l\u2019amour, des plaisirs et de la fertilit\u00e9 \u00e0 son point culminant. Formidable opportunit\u00e9 unique de progresser concr\u00e8tement, de construire de nouvelles bases, l\u00e2cher prise et b\u00e2tir un socle fort pour purifier les vieilles m\u00e9moires et vous cr\u00e9er une meilleure vie, plus heureuse, plus apais\u00e9e, plus fluide, plus abondante. &nbsp; Tarif\u00a0 110 [&hellip;]<\/p>\n","protected":false},"featured_media":16997,"template":"","meta":[],"product_cat":[16],"product_tag":[],"_links":{"self":[{"href":"https:\/\/crea.enseignementdemichael.fr\/index.php\/wp-json\/wp\/v3\/product\/621"}],"collection":[{"href":"https:\/\/crea.enseignementdemichael.fr\/index.php\/wp-json\/wp\/v3\/product"}],"about":[{"href":"https:\/\/crea.enseignementdemichael.fr\/index.php\/wp-json\/wp\/v2\/types\/product"}],"wp:featuredmedia":[{"embeddable":true,"href":"https:\/\/crea.enseignementdemichael.fr\/index.php\/wp-json\/wp\/v2\/media\/16997"}],"wp:attachment":[{"href":"https:\/\/crea.enseignementdemichael.fr\/index.php\/wp-json\/wp\/v2\/media?parent=621"}],"wp:term":[{"taxonomy":"product_cat","embeddable":true,"href":"https:\/\/crea.enseignementdemichael.fr\/index.php\/wp-json\/wp\/v2\/product_cat?post=621"},{"taxonomy":"product_tag","embeddable":true,"href":"https:\/\/crea.enseignementdemichael.fr\/index.php\/wp-json\/wp\/v2\/product_tag?post=621"}],"curies":[{"name":"wp","href":"https:\/\/api.w.org\/{rel}","templated":true}]}}